{"id":5618,"date":"2019-06-11T19:26:49","date_gmt":"2019-06-11T19:26:49","guid":{"rendered":"https:\/\/instantsocialsignals.com\/test\/?page_id=5618"},"modified":"2019-06-11T19:26:49","modified_gmt":"2019-06-11T19:26:49","slug":"preben-sangvik","status":"publish","type":"page","link":"https:\/\/instantsocialsignals.com\/test\/preben-sangvik","title":{"rendered":"Preben Sangvik &#8211;  markedsf\u00f8ring p\u00e5 nett"},"content":{"rendered":"\n<p>S\u00e5 du vil sjekke opp hvem jeg er?<\/p>\n\n\n\n<p>Jeg er <strong>Preben Sangvik<\/strong>: Pappa til tre aktive barn, ektemann til en kreativ og livsglad kone, og en gr\u00fcnder som har mer enn 15 \u00e5rs erfaring med web-teknisk, s\u00f8kemotoroptimalisering, markedsf\u00f8ring og salg p\u00e5 nett. <\/p>\n\n\n\n<figure class=\"wp-block-embed-youtube wp-block-embed is-type-video is-provider-youtube wp-embed-aspect-16-9 wp-has-aspect-ratio\"><div class=\"wp-block-embed__wrapper\">\n<iframe title=\"Nr 1 ting for a\u030a lykkes pa\u030a nett - Ep. 2\" width=\"500\" height=\"281\" src=\"https:\/\/www.youtube.com\/embed\/9-TDC0TnsBM?feature=oembed\" frameborder=\"0\" allow=\"accelerometer; autoplay; encrypted-media; gyroscope; picture-in-picture\" allowfullscreen><\/iframe>\n<\/div><\/figure>\n\n\n\n<h2>Prebens tilfeldige start med markedsf\u00f8ring p\u00e5 nett<\/h2>\n\n\n\n<p>I 2003 startet mitt eventyr med \u00e5 lage et nettsted &#8211; for \u00e5 presentere bryllupet til min kone og jeg. Litt forut for min tid. Dette var noen \u00e5r f\u00f8r Facebook kom, og de fleste av v\u00e5re gjester hadde ikke engang v\u00e6rt innom nettstedet&#8230;<\/p>\n\n\n\n<p>..s\u00e5 det var ganske bortkastet&#8230;<\/p>\n\n\n\n<h3>Men jeg fikk blod p\u00e5 tann&#8230;<\/h3>\n\n\n\n<p>..og i 2004 lagde jeg det f\u00f8rste nettstedet for \u00e5 tjene penger. For en i familien som <strong>ville ha flere kunder til sin Bed &amp; Breakfast<\/strong>. Det fungerte, og bestillingene rant inn.<\/p>\n\n\n\n<p>Men s\u00e5 pr\u00f8vde jeg for meg selv for f\u00f8rste gangen. Solgte gaveartikler.<\/p>\n\n\n\n<p>Det fungerte ikke&#8230;<\/p>\n\n\n\n<h3>Vendepunktet<\/h3>\n\n\n\n<p>2 \u00e5r etter m\u00f8tte jeg Reimar Vetne (opprinnelig eier av estrategi.no) og han viste meg to nettsider som solgte det samme.<\/p>\n\n\n\n<p><strong>Den ene var stygg.<\/strong> Den andre var pen og tydeligvis laget av en webdesigner.<\/p>\n\n\n\n<p>Og han spurte meg hvilken side jeg trodde solgte best.<em>..<\/em><\/p>\n\n\n\n<p><em>..&#8221;eh, den pene selvf\u00f8lgelig!&#8221;<\/em><\/p>\n\n\n\n<p><em>&#8220;Det er det de fleste tror&#8221;<\/em>, sa han. <\/p>\n\n\n\n<p><strong><em>&#8220;Men den stygge siden selger 2,5 ganger mer enn den pene&#8230;<\/em><\/strong>&#8220;<\/p>\n\n\n\n<p>..og fra da av forstod jeg at <strong>pent webdesign ikke er det som gj\u00f8r at det selger bra&#8230;<\/strong><\/p>\n\n\n\n<p>..og derfor har jeg ogs\u00e5 laget kurset <em><strong>&#8220;Selg MYE mer p\u00e5 nett&#8221;<\/strong><\/em>, som kan hjelpe deg til \u00e5 lykkes med nettopp \u00e5 f\u00e5 flere henvendelser og bestillinger fra nett.<\/p>\n\n\n\n<h3>Veien videre med online markedsf\u00f8ring<\/h3>\n\n\n\n<p>I 2005 tok jeg bachelorgrad i online markedsf\u00f8ring og gr\u00fcnderskap. Kanskje en av Norges f\u00f8rste. <\/p>\n\n\n\n<p>Eget firma ble startet i 2006, og jeg overtok https:\/\/instantsocialsignals.com\/test (som du er p\u00e5 n\u00e5) i 2007. <\/p>\n\n\n\n<p><strong>Siden den gang<\/strong> har jeg jobbet i flere prosjekter enn jeg kan huske. Med \u00e5 hjelpe sm\u00e5 firmaer ingen har h\u00f8rt om, til noen store norske firmaer som &#8220;alle&#8221; har h\u00f8rt om og vet hva gj\u00f8r. <\/p>\n\n\n\n<p>I lang tid jobbet jeg nesten kun med <a href=\"http:\/\/flexweb.no\/seo\">SEO<\/a>, og var leid inn som konsulent til st\u00f8rre byr\u00e5er i tillegg til \u00e5 ha egen drift.<\/p>\n\n\n\n<p>Jeg har hjulpet firmaer i mange ulike bransjer: Byggfirma, transportfirma, smykkefirma, kosmetikkfirma, hotellkjede, bilkjede, lydfirma, personlige trenere, reisebyr\u00e5er og mange mange flere.<\/p>\n\n\n\n<p>Felles for de aller aller fleste er at de ikke vet hva som skal til for \u00e5 lykkes. <\/p>\n\n\n\n<p>Derfor har jeg bestemt meg for \u00e5 dele en del hemmeligheter, kunnskap og metoder i <strong>podcasten &#8220;<\/strong><a href=\"https:\/\/instantsocialsignals.com\/test\/tema\/markedskanalen\"><strong>Markedskanalen<\/strong><\/a><strong>&#8220;<\/strong> som jeg startet i 2019. I tillegg deler jeg en del andre hjelpemidler og kunnskap om \u00e5 lage selgende nettsteder i min <a href=\"https:\/\/www.facebook.com\/groups\/easyedit.no\/\">Facebook-gruppe<\/a>.<\/p>\n\n\n\n<figure class=\"wp-block-image\"><img loading=\"lazy\" width=\"560\" height=\"314\" src=\"https:\/\/instantsocialsignals.com\/test\/wp-content\/uploads\/2019\/06\/preben-sangvik-markedsf\u00f8ring-pa\u030a-nett.jpg\" alt=\"Preben Sangvik online markedsf\u00f8ring\" class=\"wp-image-5628\" srcset=\"https:\/\/instantsocialsignals.com\/test\/wp-content\/uploads\/2019\/06\/preben-sangvik-markedsf\u00f8ring-pa\u030a-nett.jpg 560w, https:\/\/instantsocialsignals.com\/test\/wp-content\/uploads\/2019\/06\/preben-sangvik-markedsf\u00f8ring-pa\u030a-nett-150x84.jpg 150w, https:\/\/instantsocialsignals.com\/test\/wp-content\/uploads\/2019\/06\/preben-sangvik-markedsf\u00f8ring-pa\u030a-nett-550x308.jpg 550w, https:\/\/instantsocialsignals.com\/test\/wp-content\/uploads\/2019\/06\/preben-sangvik-markedsf\u00f8ring-pa\u030a-nett-65x36.jpg 65w, https:\/\/instantsocialsignals.com\/test\/wp-content\/uploads\/2019\/06\/preben-sangvik-markedsf\u00f8ring-pa\u030a-nett-220x123.jpg 220w, https:\/\/instantsocialsignals.com\/test\/wp-content\/uploads\/2019\/06\/preben-sangvik-markedsf\u00f8ring-pa\u030a-nett-178x100.jpg 178w, https:\/\/instantsocialsignals.com\/test\/wp-content\/uploads\/2019\/06\/preben-sangvik-markedsf\u00f8ring-pa\u030a-nett-300x168.jpg 300w, https:\/\/instantsocialsignals.com\/test\/wp-content\/uploads\/2019\/06\/preben-sangvik-markedsf\u00f8ring-pa\u030a-nett-358x201.jpg 358w\" sizes=\"(max-width: 560px) 100vw, 560px\" \/><\/figure>\n\n\n\n<p>Til daglig hjelper jeg kunder med <a href=\"https:\/\/responspartner.no\">online markedsf\u00f8ring gjennom mitt firma Responspartner As<\/a> og hjelper folk \u00e5 <a href=\"https:\/\/www.easyedit.no\">lage hjemmeside med EasyEdit<\/a> &#8211; som ogs\u00e5 er utviklet av meg.<\/p>\n\n\n\n<p>Har du lyst til \u00e5 h\u00f8re om jeg kan hjelpe deg med ditt firma, s\u00e5 ta kontakt via preben@estrategi.no eller preben@responspartner.no<\/p>\n\n\n\n<p>Mvh<br>Preben Sangvik<\/p>\n","protected":false},"excerpt":{"rendered":"<p>S\u00e5 du vil sjekke opp hvem jeg er? Jeg er Preben Sangvik: Pappa til tre aktive barn, ektemann til en kreativ og livsglad kone, og en gr\u00fcnder som har mer enn 15 \u00e5rs erfaring med web-teknisk, s\u00f8kemotoroptimalisering, markedsf\u00f8ring og salg p\u00e5 nett. Prebens tilfeldige start med markedsf\u00f8ring p\u00e5 nett I 2003 startet mitt eventyr med [&hellip;]<\/p>\n","protected":false},"author":3,"featured_media":0,"parent":0,"menu_order":0,"comment_status":"closed","ping_status":"closed","template":"","meta":[],"_links":{"self":[{"href":"https:\/\/instantsocialsignals.com\/test\/wp-json\/wp\/v2\/pages\/5618"}],"collection":[{"href":"https:\/\/instantsocialsignals.com\/test\/wp-json\/wp\/v2\/pages"}],"about":[{"href":"https:\/\/instantsocialsignals.com\/test\/wp-json\/wp\/v2\/types\/page"}],"author":[{"embeddable":true,"href":"https:\/\/instantsocialsignals.com\/test\/wp-json\/wp\/v2\/users\/3"}],"replies":[{"embeddable":true,"href":"https:\/\/instantsocialsignals.com\/test\/wp-json\/wp\/v2\/comments?post=5618"}],"version-history":[{"count":10,"href":"https:\/\/instantsocialsignals.com\/test\/wp-json\/wp\/v2\/pages\/5618\/revisions"}],"predecessor-version":[{"id":5629,"href":"https:\/\/instantsocialsignals.com\/test\/wp-json\/wp\/v2\/pages\/5618\/revisions\/5629"}],"wp:attachment":[{"href":"https:\/\/instantsocialsignals.com\/test\/wp-json\/wp\/v2\/media?parent=5618"}],"curies":[{"name":"wp","href":"https:\/\/api.w.org\/{rel}","templated":true}]}}